7.
92
Calculate the remainder when 16504 is divided by 16498.
6
Calculate the remainder when 1703 is divided by 558.
29
What is the remainder when 17152 is divided by 229?
206
What is the remainder when 2278900 is divided by 33?
19
What is the remainder when 282 is divided by 139?
4
Calculate the remainder when 3955 is divided by 46.
45
What is the remainder when 194892 is divided by 4640?
12
Calculate the remainder when 1858378 is divided by 10.
8
Calculate the remainder when 826 is divided by 45.
16
What is the remainder when 9549 is divided by 24?
21
Calculate the remainder when 1558 is divided by 1121.
437
Calculate the remainder when 36209 is divided by 182.
173
What is the remainder when 18649 is divided by 2663?
8
What is the remainder when 1099 is divided by 440?
219
What is the remainder when 312582 is divided by 704?
6
Calculate the remainder when 9226 is divided by 329.
14
Calculate the remainder when 208738 is divided by 426.
424
Calculate the remainder when 5933 is divided by 217.
74
Calculate the remainder when 22634 is divided by 275.
84
Calculate the remainder when 28416 is divided by 677.
659
What is the remainder when 1835 is divided by 454?
19
Calculate the remainder when 7476 is divided by 8.
4
What is the remainder when 42044 is divided by 96?
92
Calculate the remainder when 432478 is divided by 358.
14
What is the remainder when 229008 is divided by 107?
28
What is the remainder when 3341 is divided by 1626?
89
Calculate the remainder when 5045 is divided by 456.
29
Calculate the remainder when 729534 is divided by 630.
624
What is the remainder when 38045 is divided by 38015?
30
Calculate the remainder when 97 is divided by 3.
1
What is the remainder when 14534 is divided by 7136?
262
Calculate the remainder when 23168 is divided by 3852.
56
Calculate the remainder when 7321 is divided by 2437.
10
Calculate the remainder when 51345 is divided by 395.
390
Calculate the remainder when 4667 is divided by 365.
287
What is the remainder when 2668 is divided by 379?
15
What is the remainder when 14907 is divided by 73?
15
Calculate the remainder when 217533 is divided by 103.
100
Calculate the remainder when 143213 is divided by 175.
63
Calculate the remainder when 138862 is divided by 652.
638
What is the remainder when 299351 is divided by 24?
23
Calculate the remainder when 12104 is divided by 5446.
1212
Calculate the remainder when 775844 is divided by 1201.
1199
Calculate the remainder when 9313 is divided by 88.
73
What is the remainder when 3604 is divided by 1681?
242
What is the remainder when 9297 is divided by 25?
22
What is the remainder when 1106 is divided by 366?
8
Calculate the remainder when 12545 is divided by 91.
78
What is the remainder when 36017 is divided by 17?
11
Calculate the remainder when 2503437 is divided by 610.
607
Calculate the remainder when 37559 is divided by 18713.
133
What is the remainder when 10027 is divided by 223?
215
Calculate the remainder when 9914 is divided by 9863.
51
Calculate the remainder when 268827 is divided by 7467.
15
Calculate the remainder when 184636 is divided by 109.
99
What is the remainder when 7296 is divided by 608?
0
What is the remainder when 2301 is divided by 447?
66
Calculate the remainder when 1537 is divided by 1529.
8
What is the remainder when 22879 is divided by 11408?
63
What is the remainder when 4586 is divided by 1210?
956
Calculate the remainder when 8389 is divided by 493.
8
What is the remainder when 208372 is divided by 244?
240
Calculate the remainder when 117479 is divided by 794.
761
Calculate the remainder when 14722 is divided by 343.
316
What is the remainder when 2153 is divided by 771?
611
What is the remainder when 16981 is divided by 8488?
5
What is the remainder when 9905 is divided by 64?
49
Calculate the remainder when 470406 is divided by 481.
469
Calculate the remainder when 125872 is divided by 40.
32
Calculate the remainder when 409261 is divided by 1244.
1229
Calculate the remainder when 1629 is divided by 673.
283
What is the remainder when 35482 is divided by 17739?
4
Calculate the remainder when 1044 is divided by 123.
60
What is the remainder when 53734 is divided by 801?
67
What is the remainder when 7991 is divided by 7578?
413
What is the remainder when 4033 is divided by 371?
323
What is the remainder when 30329 is divided by 978?
11
What is the remainder when 104846 is divided by 708?
62
What is the remainder when 385714 is divided by 178?
166
Calculate the remainder when 99475 is divided by 33.
13
What is the remainder when 154929 is divided by 1684?
1
What is the remainder when 6392 is divided by 13?
9
Calculate the remainder when 416470 is divided by 83291.
15
Calculate the remainder when 9039 is divided by 70.
9
Calculate the remainder when 32473 is divided by 28.
21
What is the remainder when 439003 is divided by 4720?
43
Calculate the remainder when 402046 is divided by 128.
126
What is the remainder when 85346 is divided by 89?
84
What is the remainder when 7274 is divided by 7132?
142
Calculate the remainder when 2780 is divided by 124.
52
What is the remainder when 59924 is divided by 666?
650
Calculate the remainder when 438595 is divided by 1720.
1715
Calculate the remainder when 336533 is divided by 66.
65
What is the remainder when 543555 is divided by 535?
530
What is the remainder when 11014 is divided by 27?
25
Calculate the remainder when 12404 is divided by 12351.
53
Calculate the remainder when 54218 is divided by 489.
428
Calculate the remainder when 26937 is divided by 5347.
202
What is the remainder when 32807 is divided by 415?
22
What is the remainder when 105877 is divided by 39?
31
What is the remainder when 35877 is divided by 17933?
11
What is the remainder when 798 is divided by 146?
68
Calculate the remainder when 8966 is divided by 1394.
602
Calculate the remainder when 666 is divided by 220.
6
What is the remainder when 2521 is divided by 96?
25
What is the remainder when 247 is divided by 111?
25
What is the remainder when 3882 is divided by 22?
10
Calculate the remainder when 6904 is divided by 918.
478
What is the remainder when 2351 is divided by 326?
69
Calculate the remainder when 6238 is divided by 507.
154
Calculate the remainder when 3944 is divided by 1072.
728
What is the remainder when 389251 is divided by 635?
631
What is the remainder when 4198 is divided by 1380?
58
What is the remainder when 26481 is divided by 26419?
62
Calculate the remainder when 2845 is divided by 31.
24
Calculate the remainder when 3943 is divided by 95.
48
What is the remainder when 104239 is divided by 4342?
31
What is the remainder when 623159 is divided by 540?
539
What is the remainder when 1078 is divided by 38?
14
What is the remainder when 8995 is divided by 225?
220
What is the remainder when 22438 is divided by 2740?
518
What is the remainder when 9336 is divided by 57?
45
Calculate the remainder when 9344 is divided by 1144.
192
Calculate the remainder when 29954 is divided by 389.
1
Calculate the remainder when 28556 is divided by 70.
66
Calculate the remainder when 9817 is divided by 891.
16
Calculate the remainder when 3432 is divided by 57.
12
Calculate the remainder when 44487 is divided by 11105.
67
What is the remainder when 42747 is divided by 31?
29
What is the remainder when 9739 is divided by 4864?
11
Calculate the remainder when 9755 is divided by 13.
5
What is the remainder when 6278 is divided by 21?
20
Calculate the remainder when 108664 is divided by 392.
80
Calculate the remainder when 5246 is divided by 124.
38
Calculate the remainder when 8249 is divided by 8131.
118
Calculate the remainder when 152348 is divided by 38087.
0
What is the remainder when 3809 is divided by 947?
21
Calculate the remainder when 36671 is divided by 56.
47
What is the remainder when 2364 is divided by 188?
108
What is the remainder when 3476 is divided by 145?
141
What is the remainder when 403680 is divided by 200?
80
What is the remainder when 110757 is divided by 158?
157
Calculate the remainder when 13848 is divided by 845.
328
Calculate the remainder when 13265 is divided by 377.
70
What is the remainder when 1880706 is divided by 230?
226
Calculate the remainder when 769 is divided 